{"id":48,"date":"2024-05-29T19:17:44","date_gmt":"2024-05-29T17:17:44","guid":{"rendered":"https:\/\/feronarts.com\/?page_id=48"},"modified":"2025-05-05T14:40:13","modified_gmt":"2025-05-05T12:40:13","slug":"informations-pratiques","status":"publish","type":"page","link":"https:\/\/feronarts.com\/index.php\/informations-pratiques\/","title":{"rendered":"Infos Festival"},"content":{"rendered":"\t\t<div data-elementor-type=\"wp-page\" data-elementor-id=\"48\" class=\"elementor elementor-48\">\n\t\t\t\t<div class=\"elementor-element elementor-element-80bfb2f e-flex e-con-boxed e-con e-parent\" data-id=\"80bfb2f\" data-element_type=\"container\" data-e-type=\"container\">\n\t\t\t\t\t<div class=\"e-con-inner\">\n\t\t\t\t<div class=\"elementor-element elementor-element-c778777 elementor-widget elementor-widget-html\" data-id=\"c778777\" data-element_type=\"widget\" data-e-type=\"widget\" data-widget_type=\"html.default\">\n\t\t\t\t<div class=\"elementor-widget-container\">\n\t\t\t\t\t<h2 style=\"font-family: 'search'; text-transform: uppercase; color: #383f4c; \/*background-color: #e7450f; *\/ padding: 5px 10px; width: fit-content; transform: rotate(-.3deg);\">Informations Pratiques<\/h2>\t\t\t\t<\/div>\n\t\t\t\t<\/div>\n\t\t<div class=\"elementor-element elementor-element-1f4cb31 e-con-full e-flex e-con e-child\" data-id=\"1f4cb31\" data-element_type=\"container\" data-e-type=\"container\">\n\t\t<div class=\"elementor-element elementor-element-c854808 e-con-full e-flex e-con e-child\" data-id=\"c854808\" data-element_type=\"container\" data-e-type=\"container\">\n\t\t<div class=\"elementor-element elementor-element-cd5eb99 e-con-full e-flex e-con e-child\" data-id=\"cd5eb99\" data-element_type=\"container\" data-e-type=\"container\" data-settings=\"{&quot;background_background&quot;:&quot;classic&quot;}\">\n\t\t<div class=\"elementor-element elementor-element-b431563 e-con-full e-flex e-con e-child\" data-id=\"b431563\" data-element_type=\"container\" data-e-type=\"container\">\n\t\t\t\t<div class=\"elementor-element elementor-element-9be2cdf elementor-widget elementor-widget-image\" data-id=\"9be2cdf\" data-element_type=\"widget\" data-e-type=\"widget\" data-widget_type=\"image.default\">\n\t\t\t\t<div class=\"elementor-widget-container\">\n\t\t\t\t\t\t\t\t\t\t\t\t\t\t\t<img decoding=\"async\" width=\"64\" height=\"64\" src=\"https:\/\/feronarts.com\/wp-content\/uploads\/2024\/07\/AdobeStock_459050714.svg\" class=\"attachment-large size-large wp-image-1756\" alt=\"\" \/>\t\t\t\t\t\t\t\t\t\t\t\t\t\t\t<\/div>\n\t\t\t\t<\/div>\n\t\t\t\t<\/div>\n\t\t<div class=\"elementor-element elementor-element-8507ab8 e-con-full e-flex e-con e-child\" data-id=\"8507ab8\" data-element_type=\"container\" data-e-type=\"container\">\n\t\t\t\t<div class=\"elementor-element elementor-element-8d25d5e elementor-align-center elementor-widget elementor-widget-button\" data-id=\"8d25d5e\" data-element_type=\"widget\" data-e-type=\"widget\" data-widget_type=\"button.default\">\n\t\t\t\t<div class=\"elementor-widget-container\">\n\t\t\t\t\t\t\t\t\t<div class=\"elementor-button-wrapper\">\n\t\t\t\t\t<a class=\"elementor-button elementor-button-link elementor-size-sm\" href=\"https:\/\/feronarts.com\/index.php\/plan-du-festival\/\">\n\t\t\t\t\t\t<span class=\"elementor-button-content-wrapper\">\n\t\t\t\t\t\t\t\t\t<span class=\"elementor-button-text\">Plan du Festival<\/span>\n\t\t\t\t\t<\/span>\n\t\t\t\t\t<\/a>\n\t\t\t\t<\/div>\n\t\t\t\t\t\t\t\t<\/div>\n\t\t\t\t<\/div>\n\t\t\t\t<\/div>\n\t\t\t\t<\/div>\n\t\t\t\t<div class=\"elementor-element elementor-element-41a9918 elementor-widget elementor-widget-html\" data-id=\"41a9918\" data-element_type=\"widget\" data-e-type=\"widget\" data-widget_type=\"html.default\">\n\t\t\t\t<div class=\"elementor-widget-container\">\n\t\t\t\t\t                <div style=\"background-color: rgba(21, 86, 81, .05); padding: 1em;\">\r\n                    <div style=\"display: flex; justify-content:center; gap: 1em;\">\r\n                        <div>\r\n                            <img decoding=\"async\" src=\"http:\/\/feronarts.com\/wp-content\/uploads\/2024\/07\/boissons_1@2x.png\" style=\"width: 4em;\" \/>\r\n                        <\/div>\r\n                        <div>\r\n                            <img decoding=\"async\" src=\"http:\/\/feronarts.com\/wp-content\/uploads\/2024\/07\/boissons_2@2x.png\" style=\"height: 4em;\" \/>\r\n                        <\/div>\r\n                    <\/div>\r\n                    <h3 style=\"font-family: Lato; font-size: 1.5em; font-weight: 600; text-transform: uppercase; color: #383f4c; padding: 5px 10px; width: fit-content;\">\r\n                        Une petite faim ? Une soif \u00e0 \u00e9tancher\r\n                    <\/h3>\r\n                    <h4 style=\"font-family: Lato; font-size: 1.1em; font-weight: 600; color: #fff; background-color: #2ec5f3; padding: 5px 10px; width: fit-content; \">\r\n                        Espace gourmand\r\n                    <\/h4>\r\n                    <p style=\"font-family: Lato; font-weight: 400; font-size: 1em; color: #383f4c;\">\r\n                        En partenariat avec les F\u00e9ron\u2019Arts, les food-trucks et stands gourmands s\u2019engagent \u00e0 r\u00e9galer\r\n                        vos papilles ; sal\u00e9 ou sucr\u00e9, carn\u00e9 ou v\u00e9g\u00e9, vous y trouverez ce que vous cherchez :<br \/>\r\n                        le samedi 30 mai midi et soir<br \/>\r\n                    <\/p>\r\n                    <p style=\"font-family: Lato; font-weight: 400; font-size: 1em; color: #383f4c;\">\r\n                        Bar sur place le vendredi soir \u00e0 la Grange Cabaret <span class=\"grange\" style=\"color: #fff; font-weight: 600; border-radius: 8px; padding: 0 5px 0 5px;\">1<\/span> et le samedi de 11h \u00e0 minuit sur la Place du Violoneux<span class=\"placevioloneux\" style=\"color: #fff; font-weight: 600; border-radius: 8px; padding: 0 5px 0 5px;\">2<\/span><br><!--<a href=\"https:\/\/feronarts.com\/index.php\/plan-du-festival\/\" style=\"text-decoration: none;\"><span style=\"font-weight: 600; color: #fff;background-color: #eb1e52; border-radius: 20px; padding: 5px;\">13<\/span> <span style=\"font-weight: 600; color: #fff;background-color: #000; border-radius: 20px; padding: 5px;\">14<\/span><\/a>--><br \/>\r\n                        Votre euro en poche, empruntez sous caution un gobelet F\u00e9ron'Arts ou pensez \u00e0 venir avec\r\n                        votre gobelet ! <strong style=\"color: #ed845e;\">Vous pourrez aussi acheter votre porte-gobelet \u201cmade in F\u00e9ron\u201d.<\/strong>\r\n                    <\/p>\r\n                <\/div>\t\t\t\t<\/div>\n\t\t\t\t<\/div>\n\t\t\t\t<div class=\"elementor-element elementor-element-6dd2ca7 elementor-widget elementor-widget-html\" data-id=\"6dd2ca7\" data-element_type=\"widget\" data-e-type=\"widget\" data-widget_type=\"html.default\">\n\t\t\t\t<div class=\"elementor-widget-container\">\n\t\t\t\t\t        <div style=\"background-color: rgba(21, 86, 81, .05); padding: 1em;\">\r\n            <div style=\"display: flex; justify-content:center;\">\r\n                <div>\r\n                    <img decoding=\"async\" src=\"http:\/\/feronarts.com\/wp-content\/uploads\/2024\/07\/AdobeStock_322639169.png\" style=\"width: 6em;\" \/>\r\n                <\/div>\r\n            <\/div>\r\n            <h3 style=\"font-family: Lato; font-size: 1.5em; font-weight: 600; text-transform: uppercase; color: #383f4c; padding: 5px 10px; width: fit-content;\">\r\n                Se renseigner, \u00e0 tout moment !<br \/>Point accueil\r\n            <\/h3>\r\n            <p style=\"font-family: Lato; font-weight: 400; font-size: 1em; color: #383f4c;\">\r\n                L\u2019\u00e9quipe des F\u00e9ron\u2019Arts vous renseignera \u00e0 l\u2019accueil du festival :<br \/>\r\n                <span style=\"color: #ed845e; font-weight: 600;\">> le vendredi 30 mai \u00e0 partir de 19h30<\/span><br \/>\r\n                <span style=\"color: #ed845e; font-weight: 600;\">> le samedi 31 mai \u00e0 partir de 10h<\/span><br \/>\r\n                Vous y trouverez le programme, le plan des expositions et les infos au jour le jour (changement de derni\u00e8re minute etc...)<br \/>\r\n                C'est \u00e9galement ici que vous pourrez r\u00e9server vos places pour le concert de Gabi Devilleneuve et pour le spectacle Friterie mon Ami.e !<br \/>\r\n            <\/p>\r\n        <\/div>\t\t\t\t<\/div>\n\t\t\t\t<\/div>\n\t\t\t\t<div class=\"elementor-element elementor-element-c1ee5ed elementor-widget elementor-widget-html\" data-id=\"c1ee5ed\" data-element_type=\"widget\" data-e-type=\"widget\" data-widget_type=\"html.default\">\n\t\t\t\t<div class=\"elementor-widget-container\">\n\t\t\t\t\t        <div style=\"background-color: rgba(21, 86, 81, .05); padding: 1em;\">\r\n                            <div style=\"display: flex; justify-content:center;\">\r\n                    <div>\r\n                        <img decoding=\"async\" src=\"http:\/\/feronarts.com\/wp-content\/uploads\/2024\/07\/AdobeStock_439094049.png\" style=\"width: 6em;\" \/>\r\n                    <\/div>\r\n                    <\/div>\r\n        <p tyle=\"font-family: Lato; font-weight: 400; font-size: 1em; color: #383f4c;\">Point-Argent Pas de distributeur sur place. <br>Le plus proche : Fourmies ou Wignehies \u00e0 4 km de F\u00e9ron.<\/p>\r\n        <\/div>\t\t\t\t<\/div>\n\t\t\t\t<\/div>\n\t\t\t\t<div class=\"elementor-element elementor-element-6d32664 elementor-hidden-desktop elementor-hidden-tablet elementor-hidden-mobile elementor-widget elementor-widget-html\" data-id=\"6d32664\" data-element_type=\"widget\" data-e-type=\"widget\" data-widget_type=\"html.default\">\n\t\t\t\t<div class=\"elementor-widget-container\">\n\t\t\t\t\t            <div style=\"background-color: rgba(21, 86, 81, .05); padding: 1em;\">\r\n                <div style=\"display: flex; justify-content:center;\">\r\n                    <div>\r\n                        <img decoding=\"async\" src=\"http:\/\/feronarts.com\/wp-content\/uploads\/2024\/07\/camping_1@2x.png\" style=\"width: 5em;\" \/>\r\n                    <\/div>\r\n                    <\/div>\r\n                <h3 style=\"font-family: Lato; font-size: 1.5em; font-weight: 600; text-transform: uppercase; color: #383f4c; padding: 5px 10px; width: fit-content;\">\r\n                    H\u00e9bergement\r\n                <\/h3>\r\n                <p style=\"font-family: Lato; font-weight: 400; font-size: 1em; color: #383f4c;\">\r\n                    H\u00e9bergement temporaire<br \/>\r\n                    Vivez le festival nuit et jour. <strong style=\"color: #ed845e;\">Tarif : 5 euros\/nuit.<\/strong><br \/>\r\n                    Un espace pour camper, am\u00e9nag\u00e9 par les F\u00e9ron'Arts est mis \u00e0 votre disposition du 14 au soir jusqu\u2019au 18 ao\u00fbt matin.<br \/>\r\n                    <strong style=\"color: #ed845e;\">R\u00e9servation indispensable : <br \/>feronarts@gmail.com ou sms au 07 84 58 01 95.<br \/>\r\n                    Attention nombre de places limit\u00e9.<\/strong><br \/><br \/>\r\n                    Vous souhaitez plus de confort, prenez contact aupr\u00e8s du camping de Fourmies (4 km de\r\n                    F\u00e9ron) Vous souhaitez trouver un h\u00e9bergement \u00e0 proximit\u00e9 du festival ?<br \/>\r\n                    <strong style=\"color: #ed845e;\">Contactez l'Office de Tourisme du Sud-Avesnois au 03 27 61 16 79.<\/strong>\r\n                <\/p>\r\n            <\/div>\t\t\t\t<\/div>\n\t\t\t\t<\/div>\n\t\t\t\t<\/div>\n\t\t<div class=\"elementor-element elementor-element-14d8e6e e-con-full e-flex e-con e-child\" data-id=\"14d8e6e\" data-element_type=\"container\" data-e-type=\"container\">\n\t\t\t\t<div class=\"elementor-element elementor-element-6a99507 elementor-widget elementor-widget-html\" data-id=\"6a99507\" data-element_type=\"widget\" data-e-type=\"widget\" data-widget_type=\"html.default\">\n\t\t\t\t<div class=\"elementor-widget-container\">\n\t\t\t\t\t    <div style=\"background-color: rgba(21, 86, 81, .05); padding: 1em;\">\r\n        <h3 style=\"font-family: Lato; font-size: 1.5em; font-weight: 600; text-transform: uppercase; color: #383f4c; padding: 5px 10px; width: fit-content;\">\r\n            Bien vivre le festival\r\n        <\/h3>\r\n        <p style=\"font-family: Lato; font-weight: 400; font-size: 1em; color: #383f4c;\">\r\n            Vous connaissez la chanson... Afin de ne d\u00e9ranger ni vos voisins ni les artistes, nous vous\r\n            remercions de bien vouloir \u00e9teindre vos t\u00e9l\u00e9phones portables durant des repr\u00e9sentations...\r\n            m\u00eame lors des spectacles en rue.<br \/>\r\n            En rue, il est souhaitable d\u2019arriver sur les lieux au moins <strong style=\"color: #ed845e;\">20\u2019 avant le d\u00e9but de la pr\u00e9sentation.<\/strong><br \/>\r\n            Pour permettre au plus grand nombre de bien profiter des spectacles, merci de bien vouloir,\r\n            quand vous le pouvez, vous asseoir au sol.\r\n        <\/p>\r\n        <\/div>\t\t\t\t<\/div>\n\t\t\t\t<\/div>\n\t\t\t\t<div class=\"elementor-element elementor-element-664dc7a elementor-widget elementor-widget-html\" data-id=\"664dc7a\" data-element_type=\"widget\" data-e-type=\"widget\" data-widget_type=\"html.default\">\n\t\t\t\t<div class=\"elementor-widget-container\">\n\t\t\t\t\t                <div style=\"background-color: rgba(21, 86, 81, .05); padding: 1em;\">\r\n                <div style=\"display: flex; justify-content:center;\">\r\n                    <div>\r\n                        <img decoding=\"async\" src=\"http:\/\/feronarts.com\/wp-content\/uploads\/2024\/07\/AdobeStock_476526821-1.png\" style=\"width: 6em;\" \/>\r\n                    <\/div>\r\n                    <\/div>\r\n        <h3 style=\"font-family: Lato; font-size: 1.5em; font-weight: 600; text-transform: uppercase; color: #383f4c; padding: 5px 10px; width: fit-content;\">\r\n            Stationnement\r\n        <\/h3>\r\n        <p style=\"font-family: Lato; font-weight: 400; font-size: 1em; color: #383f4c;\">\r\n            Le village est ferm\u00e9 \u00e0 la circulation pendant le festival. Des espaces de parking sont\r\n            disponibles en dehors du site. De plus, un espace d\u00e9di\u00e9 au stationnement des v\u00e9los est\r\n            \u00e9galement pr\u00e9vu.<br \/><br \/>\r\n            <strong style=\"color: #ed845e;\">Coordonn\u00e9es GPS de F\u00e9ron : 50.041068 ; 4.027821<\/strong>\r\n        <\/p>\r\n        <\/div>\r\n\t\t\t\t<\/div>\n\t\t\t\t<\/div>\n\t\t\t\t<div class=\"elementor-element elementor-element-4af681b elementor-widget elementor-widget-html\" data-id=\"4af681b\" data-element_type=\"widget\" data-e-type=\"widget\" data-widget_type=\"html.default\">\n\t\t\t\t<div class=\"elementor-widget-container\">\n\t\t\t\t\t    <div style=\"background-color: rgba(21, 86, 81, .05); padding: 1em;\">\r\n                        <div style=\"display: flex; justify-content:center;\">\r\n                    <div>\r\n                        <img decoding=\"async\" src=\"http:\/\/feronarts.com\/wp-content\/uploads\/2024\/07\/secours_1@2x.png\" style=\"width: 4em;\" \/>\r\n                    <\/div>\r\n                    <\/div>\r\n        <h3 style=\"font-family: Lato; font-size: 1.5em; font-weight: 600; text-transform: uppercase; color: #383f4c; padding: 5px 10px; width: fit-content;\">\r\n            UN PETIT BOBO ?\r\n        <\/h3>\r\n        <p style=\"font-family: Lato; font-weight: 400; font-size: 1em; color: #383f4c;\">\r\n            Rendez-vous au Point Accueil, une \u00e9quipe de Secouristes vous y attend.\r\n        <\/p>\r\n        <\/div>\t\t\t\t<\/div>\n\t\t\t\t<\/div>\n\t\t\t\t<div class=\"elementor-element elementor-element-6db3d12 elementor-widget elementor-widget-html\" data-id=\"6db3d12\" data-element_type=\"widget\" data-e-type=\"widget\" data-widget_type=\"html.default\">\n\t\t\t\t<div class=\"elementor-widget-container\">\n\t\t\t\t\t    <div style=\"background-color: rgba(21, 86, 81, .05); padding: 1em;\">\r\n        <h3 style=\"font-family: Lato; font-size: 1.5em; font-weight: 600; text-transform: uppercase; color: #383f4c; padding: 5px 10px; width: fit-content;\">\r\n            S\u00c9CURIT\u00c9 SUR LE FESTIVAL\r\n        <\/h3>\r\n        <p style=\"font-family: Lato; font-weight: 400; font-size: 1em; color: #383f4c;\">\r\n            En raison du plan Vigipirate, les bagages de gros volume sont interdits. Seuls, les sacs \u00e0 main\r\n            et les petits sacs \u00e0 dos sont autoris\u00e9s sur le site du festival.\r\n        <\/p>\r\n        <\/div>\t\t\t\t<\/div>\n\t\t\t\t<\/div>\n\t\t\t\t<div class=\"elementor-element elementor-element-5d51653 elementor-widget elementor-widget-html\" data-id=\"5d51653\" data-element_type=\"widget\" data-e-type=\"widget\" data-widget_type=\"html.default\">\n\t\t\t\t<div class=\"elementor-widget-container\">\n\t\t\t\t\t        <div style=\"background-color: rgba(21, 86, 81, .05); padding: 1em;\">\r\n        <h3 style=\"font-family: Lato; font-size: 1.5em; font-weight: 600; text-transform: uppercase; color: #383f4c; padding: 5px 10px; width: fit-content;\">\r\n            VIOLENCES ET HARC\u00c8LEMENTS SEXISTES ET SEXUELLES\r\n        <\/h3>\r\n        <p style=\"font-family: Lato; font-weight: 400; font-size: 1em; color: #383f4c;\">\r\n            Luttons ensemble contre les violences et les harc\u00e8lements. Si vous \u00eates t\u00e9moin\r\n            ou victime de comportements suscitant le doute durant le festival, notez\r\n            que l\u2019Etat a mis en place, depuis plusieurs ann\u00e9es, une plateforme d\u2019\u00e9coute\r\n            accessible 24h\/24, 7j\/7 au 3919.<br><br>\r\n                    Lien vers : <a style=\"color: #155651; font-size: 1em;\" href=\"https:\/\/www.egalite-femmes-hommes.gouv.fr\/combattre-toutes-les-violences-sexistes-et-sexuelles\">Combattre les violences sexistes et sexuelles<\/a>\r\n        <\/p>\r\n<\/div>\t\t\t\t<\/div>\n\t\t\t\t<\/div>\n\t\t\t\t<div class=\"elementor-element elementor-element-84ecb04 elementor-widget elementor-widget-html\" data-id=\"84ecb04\" data-element_type=\"widget\" data-e-type=\"widget\" data-widget_type=\"html.default\">\n\t\t\t\t<div class=\"elementor-widget-container\">\n\t\t\t\t\t    <div style=\"background-color: rgba(21, 86, 81, .05); padding: 1em;\">\r\n                        <div style=\"display: flex; justify-content:center;\">\r\n                    <div>\r\n                        <img decoding=\"async\" src=\"http:\/\/feronarts.com\/wp-content\/uploads\/2024\/07\/AdobeStock_428652318.png\" style=\"width: 6em;\" \/>\r\n                    <\/div>\r\n                    <\/div>\r\n        <h3 style=\"font-family: Lato; font-size: 1.5em; font-weight: 600; text-transform: uppercase; color: #383f4c; padding: 5px 10px; width: fit-content;\">\r\n            Accessiblit\u00e9\r\n        <\/h3>\r\n        <p style=\"font-family: Lato; font-weight: 400; font-size: 1em; color: #383f4c;\">\r\n            Pour faciliter l\u2019accompagnement des personnes \u00e0 mobilit\u00e9 r\u00e9duite par leur famille, quelques\r\n            fauteuils roulants peuvent \u00eatre emprunt\u00e9s (sous caution) au Point Accueil .\r\n            Des toilettes adapt\u00e9es sont mises \u00e0 votre disposition.\r\n        <\/p>\r\n        <\/div>\t\t\t\t<\/div>\n\t\t\t\t<\/div>\n\t\t\t\t<\/div>\n\t\t\t\t<\/div>\n\t\t\t\t\t<\/div>\n\t\t\t\t<\/div>\n\t\t\t\t<\/div>\n\t\t","protected":false},"excerpt":{"rendered":"<p>Informations Pratiques Plan du Festival Une petite faim ? Une soif \u00e0 \u00e9tancher Espace gourmand En partenariat avec les F\u00e9ron\u2019Arts, les food-trucks et stands gourmands s\u2019engagent \u00e0 r\u00e9galer vos papilles ; sal\u00e9 ou sucr\u00e9, carn\u00e9 ou v\u00e9g\u00e9, vous y trouverez ce que vous cherchez : le samedi 30 mai midi et soir Bar sur place [&hellip;]<\/p>\n","protected":false},"author":1,"featured_media":0,"parent":0,"menu_order":0,"comment_status":"closed","ping_status":"closed","template":"","meta":{"footnotes":""},"class_list":["post-48","page","type-page","status-publish","hentry"],"_links":{"self":[{"href":"https:\/\/feronarts.com\/index.php\/wp-json\/wp\/v2\/pages\/48","targetHints":{"allow":["GET"]}}],"collection":[{"href":"https:\/\/feronarts.com\/index.php\/wp-json\/wp\/v2\/pages"}],"about":[{"href":"https:\/\/feronarts.com\/index.php\/wp-json\/wp\/v2\/types\/page"}],"author":[{"embeddable":true,"href":"https:\/\/feronarts.com\/index.php\/wp-json\/wp\/v2\/users\/1"}],"replies":[{"embeddable":true,"href":"https:\/\/feronarts.com\/index.php\/wp-json\/wp\/v2\/comments?post=48"}],"version-history":[{"count":173,"href":"https:\/\/feronarts.com\/index.php\/wp-json\/wp\/v2\/pages\/48\/revisions"}],"predecessor-version":[{"id":2774,"href":"https:\/\/feronarts.com\/index.php\/wp-json\/wp\/v2\/pages\/48\/revisions\/2774"}],"wp:attachment":[{"href":"https:\/\/feronarts.com\/index.php\/wp-json\/wp\/v2\/media?parent=48"}],"curies":[{"name":"wp","href":"https:\/\/api.w.org\/{rel}","templated":true}]}}